
15
Suppose -450 - 18 = -12*g. Calculate the greatest common divisor of g and 91.
13
Suppose -3*l = -2*l - 21. Calculate the greatest common factor of l and 42.
21
Suppose -r = -4*r - 3. Let p(f) = -6*f - 1. Let v be p(r). Suppose 16 = -i + 5*i, -4*i = -v*k + 254. What is the greatest common factor of 18 and k?
18
Let d(z) = 18*z**3 + 1. Let i = 14 - 10. Suppose -3 = -i*k + 1. Let x be d(k). Calculate the highest common divisor of x and 133.
19
Suppose -u - 2*u = -12. Let a be (-3 + 21)/1 - -2. Calculate the highest common divisor of a and u.
4
Suppose -4*b + 530 = 5*n, 0 = -2*b - 3*n - 2*n + 270. What is the highest common factor of b and 52?
26
Suppose 3*f = -o + 24, -f + 0*o - 5*o = -22. Suppose 4*g = -29 - f. Let c be (-3)/(g/6) + 31. Calculate the highest common factor of c and 22.
11
Suppose -13 = -2*p - 1. Let l = 36 - 24. What is the highest common divisor of p and l?
6
Suppose 0*q + 2*m = 5*q - 15, 4*m - 6 = -2*q. Suppose -6 = -q*k + 6. Calculate the highest common factor of 8 and k.
4
Let h be 4 - 5/((-15)/6). Let y be 2/(h/11)*3. Suppose -3*w = -4*w + y. Calculate the greatest common factor of w and 11.
11
Let m = -3 + 4. Suppose 0 = i - m - 20. Suppose 159 + 156 = 5*p. Calculate the greatest common factor of i and p.
21
Let a = 32 - 26. What is the highest common factor of 66 and a?
6
Let m = -37 + -26. Let r = -31 - m. Suppose 3 = -3*d + 15. Calculate the greatest common divisor of d and r.
4
Let j(l) = -2*l - 26. Let b be j(-19). Let u = 45 + 15. Calculate the highest common divisor of u and b.
12
Let j be ((-6)/(-9))/((-1)/(-120)). Suppose -o = -3 - 1. Suppose -o*i + j = i + 2*u, -2*i + 53 = 5*u. Calculate the highest common factor of 140 and i.
14
Suppose 5*r = -3*f + 178, 2*r - 128 = -2*f - 12. What is the greatest common divisor of 7 and f?
7
Let h(t) be the first derivative of -t**2/2 - 3*t - 5. Let b be h(-6). Calculate the greatest common divisor of 9 and b.
3
Let c(r) = r**2 + 12*r + 11. Let d be c(-13). Suppose 5*q = 3*q + d. Suppose -192 = -0*b - 4*b. What is the highest common divisor of b and q?
12
Suppose a = -4*a - 10, -4*k + 5*a + 6 = 0. Let s be (k - (2 + -2)) + 73. Let x be 30/3 + -1*1. What is the highest common factor of x and s?
9
Suppose 18 = 3*s - 2*t, -3*s + s + 3*t = -7. What is the highest common factor of 64 and s?
8
Suppose 3*r = -2*r. Let n(z) = -z**3 - z + 45. Let t be n(r). What is the greatest common divisor of 5 and t?
5
Let h(r) = 5*r**2 - r. Let f be h(-2). Let p be -5*(64/(-10) - -2). Calculate the highest common divisor of f and p.
22
Suppose -2 = g, 0 = -4*k + g - 0 + 10. What is the highest common divisor of 5 and k?
1
Let i = -29 + 117. Calculate the greatest common factor of i and 22.
22
Suppose -s = -3 - 17. What is the greatest common divisor of s and 160?
20
Suppose 0 = -8*j + 4*j + 40. Calculate the greatest common divisor of 20 and j.
10
Let r be 3 + 1 + 0 + -1. Suppose 4 = r*w - 2. Let u = -2 + 18. Calculate the greatest common factor of u and w.
2
Let z = -195 - -413. Let h = 9 - 5. Suppose -144 - z = -2*o + h*x, 0 = -2*o - 3*x + 327. What is the greatest common divisor of 19 and o?
19
Suppose -102 = -22*z + 206. What is the highest common divisor of 112 and z?
14
Suppose -8*y + 156 = -4*y. What is the highest common divisor of y and 13?
13
Let r be (-1)/(17/(-8) + 2). Suppose -c + r = -13. Suppose 5*x = 2*v - 2 - 12, 2*x + c = 3*v. Calculate the greatest common factor of v and 56.
7
Let d(y) = 97 - 12*y + 299 + 2*y + y**2 + 8*y. Let n be d(0). What is the highest common divisor of 36 and n?
36
Suppose -5*y - 27 = 2*z + 2, 0 = -5*y + z - 38. Let o = -2 - y. Suppose -m - m - 84 = -o*n, -2*n + 22 = 5*m. What is the greatest common factor of n and 40?
8
Suppose 0*z + z - 28 = 0. What is the highest common factor of z and 196?
28
Suppose -261 = -4*v + 535. Let d = -122 + v. Calculate the highest common factor of 11 and d.
11
Let u(y) = 4*y - y**3 - 2 - 3*y**2 - 5*y - 1. Let k be u(-3). Suppose 4*o + 10 - 94 = k. What is the highest common factor of 7 and o?
7
Let k = 9 + -7. Calculate the highest common divisor of 2 and k.
2
Let f = 7 - 5. Suppose z = -r + 6*z + 23, 17 = r - 3*z. Calculate the greatest common factor of r and f.
2
Suppose 3*v - 39 = -0*v. Suppose -68 + v = -l. Calculate the greatest common factor of l and 11.
11
Let h be 55*(-7 + 3)/(-4). What is the greatest common factor of 22 and h?
11
Suppose 0 = -3*w + 7*w - 64. Suppose -18 = -2*g + 2*l, 5*g - 37 - w = 3*l. Calculate the greatest common divisor of 91 and g.
13
Let d = 168 + -55. Suppose -8*z + 7*z = j - 497, -5*z + 20 = 0. Suppose 4*o - j = -d. Calculate the greatest common divisor of o and 19.
19
Let f be (2 + -302)/(-6) - -5. Calculate the greatest common factor of 5 and f.
5
Suppose -5*a + 125 = 5*o, 0*o = 2*o - 3*a - 35. Calculate the greatest common divisor of 220 and o.
22
Let u(c) = 30*c**2 + c + 1. Let m be u(-1). Suppose 2*s - m = -0*s. Let t = 27 - s. What is the greatest common factor of t and 8?
4
Let k be (-11)/(-4) - 6/(-24). Let t be (-2 + 168/9)*k. Let w = -22 + 32. Calculate the highest common factor of t and w.
10
Let p(a) = -a - 5. Let j be p(-3). Let m be j/7 - (-1356)/42. Calculate the greatest common divisor of 8 and m.
8
Let k = -59 + 40. Let x = 31 + k. What is the greatest common factor of x and 12?
12
Let n be 12/3 + (1 + -1 - 3). What is the highest common factor of 2 and n?
1
Suppose 0*o - 4*o = -2*i - 170, 220 = 5*o - 4*i. Calculate the greatest common divisor of o and 200.
40
Let l be ((-6)/(-4))/(4/(-8)). Let z be 10 + 3 + 0 - l. What is the greatest common divisor of z and 144?
16
Let f(c) = c**3 - 7*c**2 + 9*c - 7. Let l = -7 + 5. Let p(n) = -2*n + 2. Let k be p(l). Let t be f(k). What is the greatest common divisor of t and 44?
11
Suppose 87*y = 88*y - 1. Suppose 2*f = -3*f + 20. Calculate the highest common factor of y and f.
1
Let y be (10 + -7)/(3/185). What is the greatest common divisor of y and 74?
37
Let g be 12/5*(-45)/(-18). Calculate the highest common factor of 174 and g.
6
Let o(u) = u**2 - 2*u + 34. Let c be o(0). What is the greatest common divisor of 17 and c?
17
Suppose 3*t + h = -3*h + 4, -2*t = -3*h + 20. Let q = 6 + t. What is the highest common divisor of 14 and q?
2
Let o be (3 - 2)/(2/4). What is the highest common divisor of 5 and o?
1
Let f = 13 - 11. Suppose 4*z - 47 = -5*i, z - 4*i + 9 = f*z. What is the greatest common divisor of 13 and z?
13
Suppose 5*d - 15 = 0, -319 = 5*z - d - 2*d. Let b = -26 - z. Suppose 0 = q + 2*q - b. What is the greatest common factor of 108 and q?
12
Suppose 2*m - 3*r = -r + 12, 0 = -5*r - 5. What is the greatest common divisor of m and 1?
1
Let n(w) be the third derivative of 0 - 1/3*w**3 + 2*w**2 + 0*w - 1/60*w**5 + 3/8*w**4. Let p be n(8). What is the greatest common divisor of 2 and p?
2
Suppose 6*d - 90 = d. Suppose -2*m - 2*o = -d, 5*o - 5 + 20 = m. Calculate the highest common factor of m and 30.
10
Suppose 0 = 3*t - 5*t - 16. Let k(f) = 2*f**2 + 10*f - 8. Let j be k(t). Calculate the highest common divisor of j and 8.
8
Let z be (-32)/6 + (-6)/9. Let t be 32/z*3/(-1). Let k be (-3220)/(-50) - 2*(-3)/(-15). What is the greatest common divisor of k and t?
16
Let w(k) = k**2 - 3*k - 3. Let i be w(-2). Suppose n - 3*x = -15 - 35, -12 = -4*x. Let d = -27 - n. What is the greatest common divisor of d and i?
7
Let p(d) = 8*d**3 + d**2 - d. Let w be p(2). Let o = w - -6. What is the greatest common factor of o and 8?
8
Suppose 5 = -u + m + 69, 4*u - 255 = 5*m. Calculate the greatest common factor of 26 and u.
13
Let m(r) = -2*r**3 - r**2 - r. Let t be m(-1). Let s(f) = -4*f - 65. Let d be s(-17). Calculate the highest common divisor of d and t.
1
Suppose 53 = 4*d + 9. Let i = -2 + d. What is the highest common divisor of 72 and i?
9
Let o = 9 - -1. Let i = -8 + o. Calculate the greatest common divisor of 1 and i.
1
Let m = 57 + -35. Let j = 19 - 31. Let s = j + m. What is the highest common divisor of 10 and s?
10
Let u(f) = -106*f - 1. Let x be u(-1). What is the highest common factor of x and 15?
15
Let i be (1 + -6)*(-4)/(-10). Let b be i/(-3)*(-2 - -5). Let r be (50 + -2)/(2/b). What is the highest common divisor of 6 and r?
6
Let b be 314/(2/(-4)*-4). Suppose 5*d - 637 + b = 0. Calculate the greatest common divisor of d